when 2302 is divided by 1050?
202
What is the remainder when 5640 is divided by 111?
90
Calculate the remainder when 510 is divided by 42.
6
What is the remainder when 23580 is divided by 2929?
148
Calculate the remainder when 2977 is divided by 40.
17
Calculate the remainder when 7303 is divided by 151.
55
What is the remainder when 682 is divided by 80?
42
Calculate the remainder when 13119 is divided by 933.
57
Calculate the remainder when 1809 is divided by 1804.
5
What is the remainder when 31527 is divided by 206?
9
What is the remainder when 51220 is divided by 482?
128
What is the remainder when 28348 is divided by 3146?
34
What is the remainder when 22288 is divided by 193?
93
What is the remainder when 9715 is divided by 57?
25
What is the remainder when 110373 is divided by 1041?
27
What is the remainder when 134 is divided by 1?
0
What is the remainder when 31076 is divided by 1007?
866
What is the remainder when 483124 is divided by 241556?
12
What is the remainder when 6296 is divided by 3146?
4
What is the remainder when 18909 is divided by 1719?
0
What is the remainder when 2152 is divided by 424?
32
Calculate the remainder when 8884 is divided by 33.
7
Calculate the remainder when 12264 is divided by 87.
84
Calculate the remainder when 555134 is divided by 4112.
14
What is the remainder when 7528 is divided by 7511?
17
Calculate the remainder when 1623 is divided by 364.
167
Calculate the remainder when 3382397 is divided by 1208.
1205
What is the remainder when 63692 is divided by 16?
12
What is the remainder when 11819 is divided by 63?
38
What is the remainder when 22389 is divided by 78?
3
What is the remainder when 688 is divided by 544?
144
Calculate the remainder when 5938 is divided by 335.
243
Calculate the remainder when 421145 is divided by 49.
39
What is the remainder when 1682 is divided by 85?
67
Calculate the remainder when 156316 is divided by 78138.
40
Calculate the remainder when 2055 is divided by 172.
163
What is the remainder when 120858 is divided by 357?
192
What is the remainder when 89388 is divided by 392?
12
What is the remainder when 1637 is divided by 119?
90
What is the remainder when 693251 is divided by 36486?
17
Calculate the remainder when 8749 is divided by 227.
123
What is the remainder when 8862 is divided by 444?
426
Calculate the remainder when 136966 is divided by 45653.
7
Calculate the remainder when 127859 is divided by 372.
263
Calculate the remainder when 774223 is divided by 37.
35
Calculate the remainder when 7596 is divided by 58.
56
What is the remainder when 14988 is divided by 112?
92
Calculate the remainder when 86787 is divided by 86687.
100
What is the remainder when 24524 is divided by 630?
584
What is the remainder when 4076 is divided by 3903?
173
Calculate the remainder when 22262 is divided by 309.
14
What is the remainder when 9671 is divided by 52?
51
Calculate the remainder when 128311 is divided by 64145.
21
Calculate the remainder when 1876 is divided by 1095.
781
Calculate the remainder when 35026 is divided by 12.
10
Calculate the remainder when 5409 is divided by 1800.
9
What is the remainder when 1369859 is divided by 259?
8
What is the remainder when 78226 is divided by 20?
6
What is the remainder when 59008 is divided by 281?
279
Calculate the remainder when 29147 is divided by 86.
79
Calculate the remainder when 1035 is divided by 424.
187
What is the remainder when 627 is divided by 313?
1
What is the remainder when 703305 is divided by 21?
15
Calculate the remainder when 2786 is divided by 2743.
43
What is the remainder when 916242 is divided by 88?
74
Calculate the remainder when 433858 is divided by 393.
379
Calculate the remainder when 6004 is divided by 62.
52
What is the remainder when 67172 is divided by 574?
14
Calculate the remainder when 32951 is divided by 183.
11
What is the remainder when 596588 is divided by 22945?
18
What is the remainder when 39235 is divided by 120?
115
Calculate the remainder when 7704 is divided by 2544.
72
Calculate the remainder when 401 is divided by 13.
11
What is the remainder when 4618 is divided by 4600?
18
Calculate the remainder when 334891 is divided by 144.
91
Calculate the remainder when 2180 is divided by 2124.
56
What is the remainder when 25653 is divided by 886?
845
What is the remainder when 9968 is divided by 4622?
724
What is the remainder when 14006 is divided by 165?
146
What is the remainder when 134958 is divided by 44979?
21
What is the remainder when 401009 is divided by 200498?
13
What is the remainder when 2404 is divided by 787?
43
What is the remainder when 6724 is divided by 553?
88
What is the remainder when 7369 is divided by 2399?
172
What is the remainder when 502404 is divided by 19?
6
Calculate the remainder when 300882 is divided by 37608.
18
Calculate the remainder when 579 is divided by 195.
189
Calculate the remainder when 1047 is divided by 105.
102
Calculate the remainder when 15096 is divided by 2113.
305
What is the remainder when 2873 is divided by 1414?
45
What is the remainder when 3359 is divided by 944?
527
Calculate the remainder when 8694 is divided by 73.
7
Calculate the remainder when 68058 is divided by 87.
24
What is the remainder when 4622 is divided by 420?
2
Calculate the remainder when 3820 is divided by 65.
50
Calculate the remainder when 6027 is divided by 1002.
15
Calculate the remainder when 46691 is divided by 23332.
27
What is the remainder when 4319 is divided by 977?
411
What is the remainder when 41964 is divided by 7?
6
What is the remainder when 12268 is divided by 80?
28
Calculate the remainder when 9675 is divided by 1382.
1
What is the remainder when 55675 is divided by 115?
15
What is the remainder when 195113 is divided by 120?
113
Calculate the remainder when 831037 is divided by 18.
13
Calculate the remainder when 168790 is divided by 168781.
9
What is the remainder when 290354 is divided by 103?
100
What is the remainder when 106847 is divided by 144?
143
Calculate the remainder when 7727 is divided by 184.
183
Calculate the remainder when 297358 is divided by 720.
718
Calculate the remainder when 21119 is divided by 431.
0
What is the remainder when 26877 is divided by 5?
2
Calculate the remainder when 10764 is divided by 1426.
782
Calculate the remainder when 312548 is divided by 14.
12
Calculate the remainder when 2098 is divided by 175.
173
What is the remainder when 105199 is divided by 1755?
1654
Calculate the remainder when 26548 is divided by 91.
67
What is the remainder when 4470 is divided by 131?
16
What is the remainder when 71497 is divided by 13?
10
What is the remainder when 12024 is divided by 400?
24
What is the remainder when 460270 is divided by 74?
64
Calculate the remainder when 2316 is divided by 142.
44
What is the remainder when 30915 is divided by 192?
3
Calculate the remainder when 5459 is divided by 425.
359
Calculate the remainder when 24587 is divided by 23.
0
What is the remainder when 9379 is divided by 20?
19
Calculate the remainder when 5015 is divided by 3691.
1324
What is the remainder when 4302 is divided by 119?
18
What is the remainder when 1848515 is divided by 616171?
2
What is the remainder when 27244 is divided by 6790?
84
What is the remainder when 301 is divided by 25?
1
What is the remainder when 87075 is divided by 338?
209
Calculate the remainder when 666012 is divided by 32.
28
Calculate the remainder when 15241 is divided by 545.
526
What is the remainder when 54266 is divided by 521?
82
Calculate the remainder when 1143178 is divided by 47.
44
Calculate the remainder when 37700 is divided by 103.
2
What is the remainder when 7583 is divided by 866?
655
What is the remainder when 1541133 is divided by 993?
990
Calculate the remainder when 258765 is divided by 218.
217
Calculate the remainder when 233343 is divided by 227.
214
Calculate the remainder when 40681 is divided by 20254.
173
Calculate the remainder when 32758 is divided by 68.
50
What is the remainder when 337 is divided by 174?
163
What is the remainder when 609181 is divided by 22562?
7
What is the remainder when 247336 is divided by 7?
5
Calculate the remainder when 63703 is divided by 15869.
227
Calculate the remainder when 79 i